
-2256323
In base 16, what is -342f + -20?
-344f
In base 4, what is 221 - 10023?
-3202
In base 13, what is -2b + -3c910?
-3c93b
In base 16, what is 1958 + 2?
195a
In base 11, what is -4 + 52a882?
52a879
In base 6, what is 3 - 125424?
-125421
In base 6, what is 34 + 3331?
3405
In base 5, what is 12 + 244344?
244411
In base 15, what is 63 + 81?
e4
In base 13, what is -1362 - 7?
-1369
In base 14, what is 5cd66 - 6?
5cd60
In base 16, what is -4 - 751?
-755
In base 10, what is -76 + 750?
674
In base 9, what is -43662 - 5?
-43667
In base 7, what is -1042603 - 2?
-1042605
In base 4, what is 1020330 - -130?
1021120
In base 14, what is 4772 - -c?
4780
In base 13, what is -195a + -2?
-195c
In base 2, what is -101100010010010100111 + 0?
-101100010010010100111
In base 7, what is 4 - -426302?
426306
In base 13, what is -44c8c - -5?
-44c87
In base 7, what is 3442 + -3?
3436
In base 7, what is 415401 - -5?
415406
In base 11, what is -427370 + 4?
-427367
In base 15, what is 3 + -408?
-405
In base 10, what is -663 + 12?
-651
In base 4, what is 30220 - -1113?
31333
In base 15, what is 1622b + 1?
1622c
In base 12, what is -50860 - 3?
-50863
In base 2, what is 111000101000 + -1000?
111000100000
In base 14, what is -5 + 8d43c?
8d437
In base 4, what is 11 + 102333100?
102333111
In base 11, what is -4048 + 3?
-4045
In base 8, what is -51 + 4710?
4637
In base 3, what is -10021 - -122101?
112010
In base 16, what is -46e - -1b5?
-2b9
In base 15, what is -c + -58?
-65
In base 7, what is -2 + 126513?
126511
In base 16, what is -420c - -c?
-4200
In base 7, what is -1 + 356512?
356511
In base 13, what is -21 - c3?
-114
In base 4, what is 2 + 100331033?
100331101
In base 8, what is 551115 + -2?
551113
In base 13, what is -62 - 22c?
-291
In base 13, what is 20 - 3a2c?
-3a0c
In base 16, what is -3 - 13ef?
-13f2
In base 3, what is 1101022111210 - 1?
1101022111202
In base 13, what is 4969 - -2?
496b
In base 15, what is c232 + -67?
c1ba
In base 3, what is 210101211 - -22?
210102010
In base 8, what is 15 + 17363?
17400
In base 9, what is -183 + -543?
-736
In base 13, what is 354c4 - b?
354b6
In base 12, what is 3a6b3 - 9?
3a6a6
In base 11, what is -2 + 73635?
73633
In base 2, what is 10110101110101110100 + -101?
10110101110101101111
In base 10, what is -18461 + 7?
-18454
In base 11, what is a9a683 - -1?
a9a684
In base 5, what is 30 + 14312?
14342
In base 11, what is 35 - -1294?
1319
In base 5, what is -201 - -1021302?
1021101
In base 4, what is 11 - 32001?
-31330
In base 11, what is 4a28 + -5?
4a23
In base 15, what is 32544 + 1?
32545
In base 9, what is -3611 + 153?
-3447
In base 5, what is 33212 + -30434?
2223
In base 7, what is -4 + -214523?
-214530
In base 10, what is 128918 + -4?
128914
In base 11, what is 4 - -42434?
42438
In base 12, what is -29a + -20a8?
-2386
In base 9, what is 11 - 1626?
-1615
In base 15, what is 82 + -31e0?
-315d
In base 11, what is 40a + 17?
426
In base 7, what is -440 - -245?
-162
In base 4, what is -220 - 103131?
-110011
In base 14, what is -6ca0 - -1b?
-6c83
In base 14, what is -14ca3 + 0?
-14ca3
In base 3, what is -10100000121 + -2?
-10100000200
In base 7, what is 4 + 600?
604
In base 16, what is -3e1b42 - 4?
-3e1b46
In base 3, what is -101121 + 200?
-100221
In base 16, what is -7 + 4b8?
4b1
In base 16, what is 4 + -1bfa?
-1bf6
In base 11, what is 32 + -2326?
-22a4
In base 10, what is -4 + -473?
-477
In base 5, what is -2442033 - 110?
-2442143
In base 8, what is -3 + -1004036?
-1004041
In base 16, what is -4 - 5770?
-5774
In base 11, what is -134 + 997?
863
In base 10, what is -4 - -2301?
2297
In base 8, what is 114 - 10255?
-10141
In base 5, what is 1301234 - 11?
1301223
In base 11, what is 2043 + 759?
27a1
In base 16, what is 78afa - 1?
78af9
In base 13, what is -13b1 - -76?
-1338
In base 2, what is 10000011110 + -11011011000?
-1010111010
In base 4, what is -21323 - 331?
-22320
In base 15, what is 5392 - 4?
538d
In base 10, what is 9547 + -36?
9511
In base 5, what is 1 - 241324114?
-241324113
In base 12, what is 1 - -2b239?
2b23a
In base 9, what is 2 - 16435?
-16433
In base 3, what is -1 - 102110211?
-102110212
In base 12, what is -2 + a622?
a620
In base 9, what is 527 - -1171?
1708
In base 11, what is -28 - 23842?
-2386a
In base 12, what is 10 + 31070?
31080
In base 11, what is 18a + -69?
121
In base 6, what is 2035 - 4504?
-2425
In base 9, what is -1102 - 36?
-1138
In base 14, what is -b917 + -24?
-b93b
In base 2, what is 101100100 - 10011110?
11000110
In base 9, what is 131 + -51?
70
In base 7, what is 4455064 - 0?
4455064
In base 7, what is -26 + -410?
-436
In base 4, what is -2331 + 31?
-2300
In base 12, what is -25598 + -29?
-25605
In base 6, what is 113454 + 31?
113525
In base 15, what is 18a + -d73?
-bd8
In base 14, what is -4 - -186b8a?
186b86
In base 14, what is a8 + -125?
-5b
In base 12, what is -1640 + 8a?
-1572
In base 5, what is 43214224 - -1?
43214230
In base 7, what is -1 + 10463326?
10463325
In base 5, what is 2 + 121234333?
121234340
In base 9, what is -27524 + 11?
-27513
In base 7, what is 554 - -2005?
2562
In base 3, what is 120011221112 - -10?
120011221122
In base 11, what is -5723 - -26?
-56a8
In base 11, what is 797 + 111?
8a8
In base 10, what is 70 - 898?
-828
In base 9, what is -12 + 100820?
100807
In base 9, what is 286350 + 2?
286352
In base 2, what is -11101 + -10111011100001000?
-10111011100100101
In base 4, what is -103130 - 2031?
-111221
In base 5, what is -344 + -311021?
-311420
In base 5, what is -40111 + 12?
-40044
In base 15, what is -2ec6e - -b?
-2ec63
In base 15, what is 2 - -3219?
321b
In base 6, what is -2 - 344211?
-344213
In base 15, what is 0 - c70?
-c70
In base 16, what is -17bd + -4?
-17c1
In base 14, what is 56d6 + 9?
5701
In base 12, what is -1a - -b83?
b65
In base 15, what is -25b94 + -5?
-25b99
In base 15, what is 7268 - -1?
7269
In base 14, what is -9 - 2452?
-245b
In base 5, what is 13402 + -344?
13003
In base 4, what is 1010020 - 1?
1010013
In base 8, what is 730 + 24366?
25316
In base 12, what is -1063 + -30?
-1093
In base 4, what is 3 - -10333023?
10333032
In base 15, what is -a584a - -1?
-a5849
In base 10, what is 1 - 36454?
-36453
In base 11, what is 94705 - 1?
94704
In base 4, what is 2 - -32110312?
32110320
In base 9, what is -27 + 1087?
1060
In base 16, what is a77c4 - 2?
a77c2
In base 6, what is 1 + 114010?
114011
In base 16, what is 3 - -15a83?
15a86
In base 15, what is -127 + -2639?
-2761
In base 2, what is -111001110110110 - 11?
-111001110111001
In base 5, what is -3111402202 + 4?
-3111402143
In base 2, what is 0 + -1011010001?
-1011010001
In base 12, what is -21588 - 24?
-215b0
In base 8, what is -14 + 1254?
1240
In base 15, what is ba88 + -1?
ba87
In base 11, what is -2094a44 + 4?
-2094a40
In base 15, what is e3 + 58?
14b
In base 3, what is 11 - 12211001?
-12210220
In base 7, what is -152065 + -5?
-152103
In base 9, what is -21 - -470230?
470208
In base 8, what is -757612 + -2?
-757614
In base 13, what is -386a9 - -14?
-38695
In base 15, what is 9 - -1601a?
16024
In base 12, what is -52492a + -5?
-524933
In base 7, what is 6264 - -35?
6332
In base 8, what is -30117 + -13?
-30132
In base 8, what is 5724247 - -4?
5724253
In base 2, what is 1101011111100000010 + 101?
1101011111100000111
In base 11, what is 5 + 1047a4?
1047a9
In base 8, what is -2 - 5132?
-5134
In base 9, what is -7617 + 588?
-7018
In base 7, what is 24103 + -1204?
22566
In base 15, what is 67d + -10?
66d
In base 15, what is d775 + 5?
d77a
In base 14, what is 6d2317 + 0?
6d2317
In base 8, what is -363574 - 6?
-363602
In base 15, what is -1243 - b?
-124e
In base 2, what is 110011011010 - -11101?
110011110111
In base 14, what is -3db3d + 3?
-3db3a
In base 5, what is -132 - -14204343?
14204211
In base 3, what is -20111120 - -12002?
-20022111
In base 15, what is 5 - -1971b0?
1971b5
In base 7, what is 1 + 32031?
32032
In base 6, what is 1012 + 2144?
3200
In base 7, what is 2 + -1335403?
-1335401
In base 6, what is 143554255 - 3?
143554252
In base 10, what is -44 - -22271?
22227
In base 14, what is -64 - 2cc?
-352
In base 14, what is -219a8 - 24?
-219cc
In base 7, what is 3 - 404250?
-404244
In base 13, what is 10b + 34c?
45a
In base 3, what is -1022021212 - -12?
-1022021200
In base 7, what is 6646630 + 0?
6646630
In base